{"id":237,"date":"2022-06-10T23:57:29","date_gmt":"2022-06-10T23:57:29","guid":{"rendered":"https:\/\/hazcontacto.com\/dentis\/?page_id=237"},"modified":"2022-06-10T23:59:30","modified_gmt":"2022-06-10T23:59:30","slug":"terminos-y-condiciones","status":"publish","type":"page","link":"https:\/\/hazcontacto.com\/dentis\/terminos-y-condiciones\/","title":{"rendered":"T\u00e9rminos y condiciones"},"content":{"rendered":"\t\t<div data-elementor-type=\"wp-page\" data-elementor-id=\"237\" data-post-id=\"237\" data-obj-id=\"237\" class=\"elementor elementor-237 dce-elementor-post-237\">\n\t\t\t\t\t\t\t\t\t<section class=\"elementor-section elementor-top-section elementor-element elementor-element-283f9d5 elementor-section-boxed elementor-section-height-default elementor-section-height-default\" data-id=\"283f9d5\" data-element_type=\"section\" data-settings=\"{&quot;jet_parallax_layout_list&quot;:[]}\">\n\t\t\t\t\t\t<div class=\"elementor-container elementor-column-gap-default\">\n\t\t\t\t\t<div class=\"elementor-column elementor-col-100 elementor-top-column elementor-element elementor-element-7eba8a4\" data-id=\"7eba8a4\" data-element_type=\"column\">\n\t\t\t<div class=\"elementor-widget-wrap elementor-element-populated\">\n\t\t\t\t\t\t\t\t<div class=\"elementor-element elementor-element-b725012 elementor-widget elementor-widget-heading\" data-id=\"b725012\" data-element_type=\"widget\" data-widget_type=\"heading.default\">\n\t\t\t\t<div class=\"elementor-widget-container\">\n\t\t\t<style>\/*! elementor - v3.6.7 - 03-07-2022 *\/\n.elementor-heading-title{padding:0;margin:0;line-height:1}.elementor-widget-heading .elementor-heading-title[class*=elementor-size-]>a{color:inherit;font-size:inherit;line-height:inherit}.elementor-widget-heading .elementor-heading-title.elementor-size-small{font-size:15px}.elementor-widget-heading .elementor-heading-title.elementor-size-medium{font-size:19px}.elementor-widget-heading .elementor-heading-title.elementor-size-large{font-size:29px}.elementor-widget-heading .elementor-heading-title.elementor-size-xl{font-size:39px}.elementor-widget-heading .elementor-heading-title.elementor-size-xxl{font-size:59px}<\/style><h1 class=\"elementor-heading-title elementor-size-default\">T\u00e9rminos y condiciones<\/h1>\t\t<\/div>\n\t\t\t\t<\/div>\n\t\t\t\t<div class=\"elementor-element elementor-element-174d183 elementor-widget elementor-widget-text-editor\" data-id=\"174d183\" data-element_type=\"widget\" data-widget_type=\"text-editor.default\">\n\t\t\t\t<div class=\"elementor-widget-container\">\n\t\t\t<style>\/*! elementor - v3.6.7 - 03-07-2022 *\/\n.elementor-widget-text-editor.elementor-drop-cap-view-stacked .elementor-drop-cap{background-color:#818a91;color:#fff}.elementor-widget-text-editor.elementor-drop-cap-view-framed .elementor-drop-cap{color:#818a91;border:3px solid;background-color:transparent}.elementor-widget-text-editor:not(.elementor-drop-cap-view-default) .elementor-drop-cap{margin-top:8px}.elementor-widget-text-editor:not(.elementor-drop-cap-view-default) .elementor-drop-cap-letter{width:1em;height:1em}.elementor-widget-text-editor .elementor-drop-cap{float:left;text-align:center;line-height:1;font-size:50px}.elementor-widget-text-editor .elementor-drop-cap-letter{display:inline-block}<\/style>\t\t\t\t<p><strong>ACEPTACI\u00d3N DE LOS T\u00c9RMINOS Y CONDICIONES DEL USO DEL SERVICIO DE LA PLATAFORMA<\/strong><\/p><p><strong>Actualizados el 15 de Mayo del 2020.<\/strong><\/p><p>El sitio\u00a0<strong>dentis.com.mx\u00a0<\/strong>(el \u00ab<strong><u>Sitio<\/u><\/strong>\u00ab), as\u00ed como\u00a0<strong>Dentis365\u00a0<\/strong>(el\u00a0<strong>\u201cSoftware\u201d)<\/strong>\u00a0(conjuntamente denominados como \u00ab<strong><u>La Plataforma<\/u><\/strong>\u00ab) son proporcionados por\u00a0<strong>Soluciones en Software y Procesos S.A. de C.V.<\/strong>\u00a0 (<strong>\u201cEl Proveedor\u201d)<\/strong>\u00a0para el servicio de usted (\u00ab<strong><u>Usuario<\/u><\/strong>\u00ab), \u00a0bajo los siguientes t\u00e9rminos y condiciones, incluyendo todas las modificaciones al mismo y cualquier t\u00e9rmino y\/o condiciones adicionales, as\u00ed como las normas o pol\u00edticas que pudieran ser aplicables a las operaciones comerciales que pudieran realizarse en relaci\u00f3n con La Plataforma(conjuntamente, los \u00ab<strong><u>T\u00e9rminos y Condiciones<\/u><\/strong>\u00ab).<\/p><p>Nos reservamos el derecho de modificar estos T\u00e9rminos y Condiciones en cualquier momento, y actualizar este documento sin necesidad de previo aviso al Usuario.\u00a0 Las modificaciones ser\u00e1n efectivas inmediatamente despu\u00e9s de su publicaci\u00f3n. Por lo tanto, le recomendamos que revise continuamente la Plataforma estos T\u00e9rminos y Condiciones. Al continuar utilizando la Plataforma tras la publicaci\u00f3n de dichas modificaciones, se considerar\u00e1 que el Usuario est\u00e1 de acuerdo con la versi\u00f3n modificada de los T\u00e9rminos y Condiciones. Cualquier incumplimiento de estos T\u00e9rminos y Condiciones, puede resultar en la rescisi\u00f3n del presente contrato y en consecuencia la cancelaci\u00f3n de su cuenta.<\/p><p><strong>AL UTILIZAR LA PLATAFORMA, USTED ACEPTA QUEDAR OBLIGADO DE CONFORMIDAD CON LO ESTABLECIDO EN LOS SIGUIENTES T\u00c9RMINOS Y CONDICIONES.<\/strong><\/p><p><strong>Contrataci\u00f3n del servicio para uso de La Plataforma.\u00a0<\/strong><\/p><ul><li>El Usuario podr\u00e1 contratar el servicio de uso de La Plataforma directamente en el Sitio o directamente con El Proveedor por medio de un representante del mismo.<\/li><li>El Usuario para contratar el servicio de uso de La Plataforma, deber\u00e1 realizar el pago de manera anticipada respecto del plan de contrataci\u00f3n que \u00e9l elija para el uso de la Plataforma, los planes de contrataci\u00f3n consistir\u00e1n en un plan mensual o en un plan anual y tambi\u00e9n consiste en un n\u00famero m\u00e1ximo de usuarios que pueden acceder al servicio de la Plataforma, los cuales para mayor informaci\u00f3n se encuentran publicados en el Sitio . El pago se puede realizar por medio de transferencia electr\u00f3nica o por medio del proveedor procesador de pago que se muestra en el Sitio(PayPal o Stripe o OpenPay).<\/li><li>Una vez realizado el pago del servicio de suscripci\u00f3n para el uso de La Plataforma, en un plazo razonable recibir\u00e1 su usuario y contrase\u00f1a para poder acceder a La Plataforma.<\/li><li>A partir de la fecha en que reciba dicha informaci\u00f3n comenzar\u00e1 a correr el plazo de su Plan contratado, ya sea mensual o anual en t\u00e9rminos de lo se\u00f1alado en p\u00e1rrafos anteriores.Una vez contando con una cuenta y contrase\u00f1a, est\u00e1 tendr\u00e1 una vigencia conforme al periodo del plan que haya elegido, ya sea un plan anual o mensual, el cual podr\u00e1 ser renovado realizando un pago mediante alguna de las formas de p\u00adago enunciadas con anterioridad.<\/li><li>Si as\u00ed lo requiere el Usuario, El Proveedor podr\u00e1 dar capacitaci\u00f3n del uso de La Plataforma de manera remota por medio internet. Para recibir el servicio de capacitaci\u00f3n, el Usuario debe solicitarlo al personal de soporte t\u00e9cnico del Proveedor por medio de los tel\u00e9fonos y medio de contacto que aparecen en La Plataforma y recibir\u00e1 un mail con la fecha y hora acordada para la capacitaci\u00f3n.<\/li><\/ul><p><strong>Uso del Servicio de La Plataforma<\/strong><\/p><ul><li>El servicio de La Plataforma, consiste en permitir al Usuario el acceso al uso online de La Plataforma para la administraci\u00f3n de consultorios o cl\u00ednicas durante el periodo de tiempo que contrata y mientras mantenga renovando el servicio despu\u00e9s de cada vencimiento.<\/li><li>La funcionalidad del servicio de La Plataforma son las que se muestran por medio de opciones de men\u00fa en La Plataforma y no considera ninguna otra funcionalidad ni presente, ni futura, a menos que El Proveedor decida incorporar nuevas funcionalidades o eliminar algunas funcionalidades.<\/li><li>El usuario al contratar el servicio de La Plataforma, lo hace con un n\u00famero m\u00e1ximo de usuarios para acceder a La Plataforma. El Usuario, se compromete a no acceder a La Plataforma con m\u00e1s usuarios de los que contrato.<\/li><li>El Usuario, al contratar el uso de La Plataforma tiene permitido un almacenamiento m\u00e1ximo de im\u00e1genes de 10GB. En caso de requerir m\u00e1s almacenamiento, El Usuario, se debe poner en contacto con El Proveedor para adquirir mas almacenamiento.<\/li><li>El Usuario no podr\u00e1 copiar, modificar, distribuir, vender ni prestar ninguna parte de nuestros Servicios ni de la Plataforma, incluyendo el aplicar t\u00e9cnicas de ingenier\u00eda inversa ni intentar extraer el c\u00f3digo fuente del software de La Plataforma.<\/li><li>El Usuario no deber\u00e1 usar nuestros Servicios de forma inadecuada. Por ejemplo, no deber\u00e1 interferir con dichos Servicios ni intentar acceder a ellos usando un m\u00e9todo distinto a las instrucciones proporcionadas. Solo podr\u00e1 usar los Servicios en la medida en que las leyes y la normatividad aplicable lo permitan. El Proveedor se encuentra facultado para suspender o cancelar los Servicios si no se cumple con las pol\u00edticas o condiciones especificadas en el presente o si se llega a considerar que la conducta del Usuario puede ser malintencionada.<\/li><li>El uso de nuestros Servicios no convierte al Usuario en titular de ninguno de los derechos de propiedad intelectual de los mismos ni del contenido al que acceda. Solo podr\u00e1 usar el contenido de nuestros Servicios si se autoriza por su titular o si est\u00e1 permitido por la ley. Estas condiciones no le otorgan al Usuario el derecho a usar las marcas ni los logotipos utilizados en nuestros Servicios. El Usuario se obliga a no eliminar, ocultar ni alterar los avisos legales que se muestren en la Plataforma.<br \/>En relaci\u00f3n con el uso de la Plataforma, el Usuario podr\u00e1 recibir avisos de servicio, mensajes administrativos y otro tipo de informaci\u00f3n.<\/li><\/ul><p><strong>\u00a0<\/strong><strong>Seguridad de la Cuenta<\/strong><\/p><p>Tal y como se menciona en el apartado anterior, el Usuario recibir\u00e1 una cuenta(c\u00f3digo de usuario) y una contrase\u00f1a una vez que haya completado el proceso de registro, comprometi\u00e9ndose a mantener la confidencialidad de los mismos, aceptando estar de acuerdo en que es completamente responsable de todos los actos que deriven del uso de su cuenta o de su contrase\u00f1a. El Usuario podr\u00e1 cambiar la contrase\u00f1a las veces que considere necesarias. El Proveedor no ser\u00e1 responsable de ninguna p\u00e9rdida o da\u00f1o derivado de su incumplimiento a estas condiciones.<\/p><p><strong>Termino del servicio<\/strong><\/p><p>Al termino del servicio de suscripci\u00f3n contratado y al no haber una renovaci\u00f3n del mismo para el Uso de La Plataforma, El Proveedor borrara toda la informaci\u00f3n a los 30 d\u00edas despu\u00e9s de la fecha de vencimiento. El Proveedor despu\u00e9s de borrada la informaci\u00f3n del Usuario, no almacenar\u00e1 nada de informaci\u00f3n, sin alternativa de recuperarla.<\/p><p>Mientras el servicio de suscripci\u00f3n para el uso de La Plataforma, se encuentre vigente, el Usuario podr\u00e1 solicitar por escrito a El Proveedor su informaci\u00f3n almacenada y el Proveedor le har\u00e1 entrega de la informaci\u00f3n en formato excel de sus Datos generales de los pacientes, Recetas de los pacientes, Notas de evoluci\u00f3n de los pacientes, Cargos realizados a los pacientes, Pagos (abonos) realizados por sus pacientes, saldos a favor que tengan los pacientes, listado de tratamientos con precios, listado de medicamentos, documentos e im\u00e1genes. El Proveedor entregar\u00e1 la informaci\u00f3n a los 5 d\u00edas despu\u00e9s de recibida la solicitud por escrito por parte del Usuario.<\/p><p><strong>Pol\u00edtica de Privacidad<\/strong><\/p><p>El Proveedor se compromete a no publicar, compartir, transmitir, vender o distribuir a cualquier t\u00edtulo, la informaci\u00f3n ingresada por El Usuario a La Plataforma dando cumplimiento a la Pol\u00edtica de Privacidad del Proveedor que se muestra en el Sitio.<\/p><p><strong>Actualizaciones<\/strong><\/p><p>\u201cLa Plataforma\u201d podr\u00e1 actualizarse autom\u00e1ticamente en el dispositivo del Usuario siempre que haya versiones o funciones nuevas disponibles.<\/p><p><strong>Precios y modificaciones.<\/strong><\/p><p>Los precios de suscripci\u00f3n al servicio de La Plataforma est\u00e1n publicados en el Sitio y en el momento de contratar la suscripci\u00f3n podr\u00e1n variar en base a acuerdo especial, que deber\u00e1 quedar por escrito autorizado por El Proveedor\u00a0 \u00f3 bien por un c\u00f3digo de promoci\u00f3n que se determine, publique y acepte al momento de pagar en el Sitio.<\/p><p>El proveedor poseen la facultad de modificar la tarifa cobrada por el servicio una vez al a\u00f1o, por t\u00e9rminos de reajuste. Esta tarifa no puede subir m\u00e1s de un 10% anual, y su objetivo es simplemente compensar los efectos inflacionarios. En caso de que El Proveedor des\u00e9 modificar la tarifa a un servicio previamente contratado, se le notificar\u00e1 al menos con un mes de anticipaci\u00f3n, para que usted pueda recuperar su informaci\u00f3n y salir del servicio si no se encuentra de acuerdo.<\/p><p><strong>Responsabilidad por nuestros Servicios<\/strong><br \/>El Proveedor, sus filiales o distribuidores no son responsables de ning\u00fan da\u00f1o directo, indirecto, incidental, consecuente, especial, derivados, punitivos; Ni por la p\u00e9rdida de beneficios, ingresos, datos, p\u00e9rdidas financieras o de otro tipo que surja de o est\u00e9 relacionado de alguna manera con el uso del servicio de La Plataforma. En ning\u00fan caso el Usuario podr\u00e1 reclamar a El Proveedor y su \u00fanico recurso para la insatisfacci\u00f3n del Usuario con el servicio es dejar de usar el servicio.<\/p>\t\t\t\t\t\t<\/div>\n\t\t\t\t<\/div>\n\t\t\t\t\t<\/div>\n\t\t<\/div>\n\t\t\t\t\t\t\t<\/div>\n\t\t<\/section>\n\t\t\t\t\t\t\t<\/div>\n\t\t","protected":false},"excerpt":{"rendered":"<p>T\u00e9rminos y condiciones ACEPTACI\u00d3N DE LOS T\u00c9RMINOS Y CONDICIONES DEL USO DEL SERVICIO DE LA PLATAFORMA Actualizados el 15 de Mayo del 2020. El sitio\u00a0dentis.com.mx\u00a0(el \u00abSitio\u00ab), as\u00ed como\u00a0Dentis365\u00a0(el\u00a0\u201cSoftware\u201d)\u00a0(conjuntamente denominados como \u00abLa Plataforma\u00ab) son proporcionados por\u00a0Soluciones en Software y Procesos S.A. de C.V.\u00a0 (\u201cEl Proveedor\u201d)\u00a0para el servicio de usted (\u00abUsuario\u00ab), \u00a0bajo los siguientes t\u00e9rminos y condiciones, [&hellip;]<\/p>\n","protected":false},"author":1,"featured_media":0,"parent":0,"menu_order":0,"comment_status":"closed","ping_status":"closed","template":"","meta":{"footnotes":""},"class_list":["post-237","page","type-page","status-publish","hentry"],"yoast_head":"<!-- This site is optimized with the Yoast SEO plugin v19.2 - https:\/\/yoast.com\/wordpress\/plugins\/seo\/ -->\n<title>T\u00e9rminos y condiciones - Dentis<\/title>\n<meta name=\"robots\" content=\"index, follow, max-snippet:-1, max-image-preview:large, max-video-preview:-1\" \/>\n<link rel=\"canonical\" href=\"https:\/\/hazcontacto.com\/dentis\/terminos-y-condiciones\/\" \/>\n<meta property=\"og:locale\" content=\"es_ES\" \/>\n<meta property=\"og:type\" content=\"article\" \/>\n<meta property=\"og:title\" content=\"T\u00e9rminos y condiciones - Dentis\" \/>\n<meta property=\"og:description\" content=\"T\u00e9rminos y condiciones ACEPTACI\u00d3N DE LOS T\u00c9RMINOS Y CONDICIONES DEL USO DEL SERVICIO DE LA PLATAFORMA Actualizados el 15 de Mayo del 2020. El sitio\u00a0dentis.com.mx\u00a0(el \u00abSitio\u00ab), as\u00ed como\u00a0Dentis365\u00a0(el\u00a0\u201cSoftware\u201d)\u00a0(conjuntamente denominados como \u00abLa Plataforma\u00ab) son proporcionados por\u00a0Soluciones en Software y Procesos S.A. de C.V.\u00a0 (\u201cEl Proveedor\u201d)\u00a0para el servicio de usted (\u00abUsuario\u00ab), \u00a0bajo los siguientes t\u00e9rminos y condiciones, [&hellip;]\" \/>\n<meta property=\"og:url\" content=\"https:\/\/hazcontacto.com\/dentis\/terminos-y-condiciones\/\" \/>\n<meta property=\"og:site_name\" content=\"Dentis\" \/>\n<meta property=\"article:modified_time\" content=\"2022-06-10T23:59:30+00:00\" \/>\n<meta name=\"author\" content=\"admin\" \/>\n<meta name=\"twitter:card\" content=\"summary_large_image\" \/>\n<meta name=\"twitter:label1\" content=\"Tiempo de lectura\" \/>\n\t<meta name=\"twitter:data1\" content=\"7 minutos\" \/>\n<script type=\"application\/ld+json\" class=\"yoast-schema-graph\">{\"@context\":\"https:\/\/schema.org\",\"@graph\":[{\"@type\":\"WebSite\",\"@id\":\"https:\/\/hazcontacto.com\/dentis\/#website\",\"url\":\"https:\/\/hazcontacto.com\/dentis\/\",\"name\":\"Dentis\",\"description\":\"El software de los odontologos\",\"potentialAction\":[{\"@type\":\"SearchAction\",\"target\":{\"@type\":\"EntryPoint\",\"urlTemplate\":\"https:\/\/hazcontacto.com\/dentis\/?s={search_term_string}\"},\"query-input\":\"required name=search_term_string\"}],\"inLanguage\":\"es\"},{\"@type\":\"WebPage\",\"@id\":\"https:\/\/hazcontacto.com\/dentis\/terminos-y-condiciones\/#webpage\",\"url\":\"https:\/\/hazcontacto.com\/dentis\/terminos-y-condiciones\/\",\"name\":\"T\u00e9rminos y condiciones - Dentis\",\"isPartOf\":{\"@id\":\"https:\/\/hazcontacto.com\/dentis\/#website\"},\"datePublished\":\"2022-06-10T23:57:29+00:00\",\"dateModified\":\"2022-06-10T23:59:30+00:00\",\"breadcrumb\":{\"@id\":\"https:\/\/hazcontacto.com\/dentis\/terminos-y-condiciones\/#breadcrumb\"},\"inLanguage\":\"es\",\"potentialAction\":[{\"@type\":\"ReadAction\",\"target\":[\"https:\/\/hazcontacto.com\/dentis\/terminos-y-condiciones\/\"]}]},{\"@type\":\"BreadcrumbList\",\"@id\":\"https:\/\/hazcontacto.com\/dentis\/terminos-y-condiciones\/#breadcrumb\",\"itemListElement\":[{\"@type\":\"ListItem\",\"position\":1,\"name\":\"Portada\",\"item\":\"https:\/\/hazcontacto.com\/dentis\/\"},{\"@type\":\"ListItem\",\"position\":2,\"name\":\"T\u00e9rminos y condiciones\"}]}]}<\/script>\n<!-- \/ Yoast SEO plugin. -->","yoast_head_json":{"title":"T\u00e9rminos y condiciones - Dentis","robots":{"index":"index","follow":"follow","max-snippet":"max-snippet:-1","max-image-preview":"max-image-preview:large","max-video-preview":"max-video-preview:-1"},"canonical":"https:\/\/hazcontacto.com\/dentis\/terminos-y-condiciones\/","og_locale":"es_ES","og_type":"article","og_title":"T\u00e9rminos y condiciones - Dentis","og_description":"T\u00e9rminos y condiciones ACEPTACI\u00d3N DE LOS T\u00c9RMINOS Y CONDICIONES DEL USO DEL SERVICIO DE LA PLATAFORMA Actualizados el 15 de Mayo del 2020. El sitio\u00a0dentis.com.mx\u00a0(el \u00abSitio\u00ab), as\u00ed como\u00a0Dentis365\u00a0(el\u00a0\u201cSoftware\u201d)\u00a0(conjuntamente denominados como \u00abLa Plataforma\u00ab) son proporcionados por\u00a0Soluciones en Software y Procesos S.A. de C.V.\u00a0 (\u201cEl Proveedor\u201d)\u00a0para el servicio de usted (\u00abUsuario\u00ab), \u00a0bajo los siguientes t\u00e9rminos y condiciones, [&hellip;]","og_url":"https:\/\/hazcontacto.com\/dentis\/terminos-y-condiciones\/","og_site_name":"Dentis","article_modified_time":"2022-06-10T23:59:30+00:00","author":"admin","twitter_card":"summary_large_image","twitter_misc":{"Tiempo de lectura":"7 minutos"},"schema":{"@context":"https:\/\/schema.org","@graph":[{"@type":"WebSite","@id":"https:\/\/hazcontacto.com\/dentis\/#website","url":"https:\/\/hazcontacto.com\/dentis\/","name":"Dentis","description":"El software de los odontologos","potentialAction":[{"@type":"SearchAction","target":{"@type":"EntryPoint","urlTemplate":"https:\/\/hazcontacto.com\/dentis\/?s={search_term_string}"},"query-input":"required name=search_term_string"}],"inLanguage":"es"},{"@type":"WebPage","@id":"https:\/\/hazcontacto.com\/dentis\/terminos-y-condiciones\/#webpage","url":"https:\/\/hazcontacto.com\/dentis\/terminos-y-condiciones\/","name":"T\u00e9rminos y condiciones - Dentis","isPartOf":{"@id":"https:\/\/hazcontacto.com\/dentis\/#website"},"datePublished":"2022-06-10T23:57:29+00:00","dateModified":"2022-06-10T23:59:30+00:00","breadcrumb":{"@id":"https:\/\/hazcontacto.com\/dentis\/terminos-y-condiciones\/#breadcrumb"},"inLanguage":"es","potentialAction":[{"@type":"ReadAction","target":["https:\/\/hazcontacto.com\/dentis\/terminos-y-condiciones\/"]}]},{"@type":"BreadcrumbList","@id":"https:\/\/hazcontacto.com\/dentis\/terminos-y-condiciones\/#breadcrumb","itemListElement":[{"@type":"ListItem","position":1,"name":"Portada","item":"https:\/\/hazcontacto.com\/dentis\/"},{"@type":"ListItem","position":2,"name":"T\u00e9rminos y condiciones"}]}]}},"_links":{"self":[{"href":"https:\/\/hazcontacto.com\/dentis\/wp-json\/wp\/v2\/pages\/237","targetHints":{"allow":["GET"]}}],"collection":[{"href":"https:\/\/hazcontacto.com\/dentis\/wp-json\/wp\/v2\/pages"}],"about":[{"href":"https:\/\/hazcontacto.com\/dentis\/wp-json\/wp\/v2\/types\/page"}],"author":[{"embeddable":true,"href":"https:\/\/hazcontacto.com\/dentis\/wp-json\/wp\/v2\/users\/1"}],"replies":[{"embeddable":true,"href":"https:\/\/hazcontacto.com\/dentis\/wp-json\/wp\/v2\/comments?post=237"}],"version-history":[{"count":4,"href":"https:\/\/hazcontacto.com\/dentis\/wp-json\/wp\/v2\/pages\/237\/revisions"}],"predecessor-version":[{"id":241,"href":"https:\/\/hazcontacto.com\/dentis\/wp-json\/wp\/v2\/pages\/237\/revisions\/241"}],"wp:attachment":[{"href":"https:\/\/hazcontacto.com\/dentis\/wp-json\/wp\/v2\/media?parent=237"}],"curies":[{"name":"wp","href":"https:\/\/api.w.org\/{rel}","templated":true}]}}